{"id":2,"date":"2024-09-13T07:47:38","date_gmt":"2024-09-13T07:47:38","guid":{"rendered":"https:\/\/lenceriaimas.rkinformatika.online\/?page_id=2"},"modified":"2024-12-05T09:29:52","modified_gmt":"2024-12-05T09:29:52","slug":"sobre-nosotros","status":"publish","type":"page","link":"https:\/\/mentoracristinairiondo.com\/eus\/","title":{"rendered":"Hasiera"},"content":{"rendered":"\t\t<div data-elementor-type=\"wp-page\" data-elementor-id=\"2\" class=\"elementor elementor-2\" data-elementor-post-type=\"page\">\n\t\t\t\t<div class=\"elementor-element elementor-element-74fb007 e-con-full e-flex e-con e-parent\" data-id=\"74fb007\" data-element_type=\"container\" data-e-type=\"container\" data-settings=\"{&quot;background_background&quot;:&quot;slideshow&quot;,&quot;background_slideshow_gallery&quot;:[{&quot;id&quot;:2780,&quot;url&quot;:&quot;https:\\\/\\\/mentoracristinairiondo.com\\\/wp-content\\\/uploads\\\/2024\\\/12\\\/13909.jpg&quot;}],&quot;background_slideshow_slide_duration&quot;:5000,&quot;background_slideshow_slide_transition&quot;:&quot;fade&quot;,&quot;background_slideshow_transition_duration&quot;:500}\">\n\t\t\t\t<div class=\"elementor-element elementor-element-c855655 elementor-widget elementor-widget-heading\" data-id=\"c855655\" data-element_type=\"widget\" data-e-type=\"widget\" data-widget_type=\"heading.default\">\n\t\t\t\t<div class=\"elementor-widget-container\">\n\t\t\t\t\t<h2 class=\"elementor-heading-title elementor-size-default\">Impulsa el \u00e9xito de tu pyme<br> con acompa\u00f1amiento estrat\u00e9gico <br>y pr\u00e1ctico.<\/h2>\t\t\t\t<\/div>\n\t\t\t\t<\/div>\n\t\t\t\t<div class=\"elementor-element elementor-element-9e2b5c1 elementor-widget elementor-widget-heading\" data-id=\"9e2b5c1\" data-element_type=\"widget\" data-e-type=\"widget\" data-widget_type=\"heading.default\">\n\t\t\t\t<div class=\"elementor-widget-container\">\n\t\t\t\t\t<h2 class=\"elementor-heading-title elementor-size-default\">30 a\u00f1os de experiencia empresarial y 8 a\u00f1os guiando <br>a pymes hacia el crecimiento sostenible.<\/h2>\t\t\t\t<\/div>\n\t\t\t\t<\/div>\n\t\t\t\t<\/div>\n\t\t<div class=\"elementor-element elementor-element-d8b08a3 e-flex e-con-boxed e-con e-parent\" data-id=\"d8b08a3\" data-element_type=\"container\" data-e-type=\"container\">\n\t\t\t\t\t<div class=\"e-con-inner\">\n\t\t\t\t<div class=\"elementor-element elementor-element-13b5b44 elementor-position-left elementor-vertical-align-middle elementor-vertical-align-middle elementor-widget__width-initial elementor-widget elementor-widget-image-box\" data-id=\"13b5b44\" data-element_type=\"widget\" data-e-type=\"widget\" data-widget_type=\"image-box.default\">\n\t\t\t\t<div class=\"elementor-widget-container\">\n\t\t\t\t\t<div class=\"elementor-image-box-wrapper\"><figure class=\"elementor-image-box-img\"><img fetchpriority=\"high\" decoding=\"async\" width=\"1280\" height=\"1280\" src=\"https:\/\/mentoracristinairiondo.com\/wp-content\/uploads\/2024\/12\/1.jpg\" class=\"attachment-full size-full wp-image-2727\" alt=\"\" srcset=\"https:\/\/mentoracristinairiondo.com\/wp-content\/uploads\/2024\/12\/1.jpg 1280w, https:\/\/mentoracristinairiondo.com\/wp-content\/uploads\/2024\/12\/1-300x300.jpg 300w, https:\/\/mentoracristinairiondo.com\/wp-content\/uploads\/2024\/12\/1-1024x1024.jpg 1024w, https:\/\/mentoracristinairiondo.com\/wp-content\/uploads\/2024\/12\/1-150x150.jpg 150w, https:\/\/mentoracristinairiondo.com\/wp-content\/uploads\/2024\/12\/1-768x768.jpg 768w, https:\/\/mentoracristinairiondo.com\/wp-content\/uploads\/2024\/12\/1-12x12.jpg 12w\" sizes=\"(max-width: 1280px) 100vw, 1280px\" \/><\/figure><div class=\"elementor-image-box-content\"><h3 class=\"elementor-image-box-title\">\u00bfQui\u00e9n soy?<\/h3><p class=\"elementor-image-box-description\">Soy Cristina, y pongo a disposici\u00f3n del mundo organizacional m\u00e1s de 30 a\u00f1os de experiencia y crecimiento personal y profesional en entornos empresariales y humanos. <br><br>\nMi trayectoria abarca colaboraciones internacionales, la gesti\u00f3n de equipos multidisciplinarios y el desarrollo de estrategias transversales.<br><br>\nMi pasi\u00f3n es ser una aliada estrat\u00e9gica para peque\u00f1as y medianas empresas del Pa\u00eds Vasco, ayud\u00e1ndolas a superar barreras, optimizar sus procesos y alcanzar sus metas m\u00e1s ambiciosas. A trav\u00e9s de mentor\u00edas personalizadas, dise\u00f1amos juntos soluciones a medida que responden a las necesidades espec\u00edficas de cada organizaci\u00f3n, potenciando su capacidad de innovaci\u00f3n, liderazgo y cohesi\u00f3n interna.<br><br>\nLo que me distingue es mi enfoque centrado en las personas: creo firmemente que el \u00e9xito de cualquier empresa est\u00e1 ligado al bienestar y desarrollo de quienes la conforman. Por ello, mis mentor\u00edas no solo se orientan a lograr resultados empresariales, sino tambi\u00e9n a generar un impacto positivo en la cultura organizacional y en las din\u00e1micas de equipo.<\/p><\/div><\/div>\t\t\t\t<\/div>\n\t\t\t\t<\/div>\n\t\t\t\t\t<\/div>\n\t\t\t\t<\/div>\n\t\t<div class=\"elementor-element elementor-element-8311301 e-flex e-con-boxed e-con e-parent\" data-id=\"8311301\" data-element_type=\"container\" data-e-type=\"container\">\n\t\t\t\t\t<div class=\"e-con-inner\">\n\t\t\t\t<div class=\"elementor-element elementor-element-c49c207 elementor-cta--skin-cover elementor-animated-content elementor-bg-transform elementor-bg-transform-zoom-in elementor-widget elementor-widget-call-to-action\" data-id=\"c49c207\" data-element_type=\"widget\" data-e-type=\"widget\" data-widget_type=\"call-to-action.default\">\n\t\t\t\t<div class=\"elementor-widget-container\">\n\t\t\t\t\t\t\t<div class=\"elementor-cta\">\n\t\t\t\t\t<div class=\"elementor-cta__bg-wrapper\">\n\t\t\t\t<div class=\"elementor-cta__bg elementor-bg\" style=\"background-image: url();\" role=\"img\" aria-label=\"\"><\/div>\n\t\t\t\t<div class=\"elementor-cta__bg-overlay\"><\/div>\n\t\t\t<\/div>\n\t\t\t\t\t\t\t<div class=\"elementor-cta__content\">\n\t\t\t\t\n\t\t\t\t\t\t\t\t\t<h2 class=\"elementor-cta__title elementor-cta__content-item elementor-content-item elementor-animated-item--grow\">\n\t\t\t\t\t\tLleva tu negocio al siguiente nivel\t\t\t\t\t<\/h2>\n\t\t\t\t\n\t\t\t\t\n\t\t\t\t\t\t\t\t\t<div class=\"elementor-cta__button-wrapper elementor-cta__content-item elementor-content-item elementor-animated-item--grow\">\n\t\t\t\t\t<a class=\"elementor-cta__button elementor-button elementor-size-\" href=\"https:\/\/mentoracristinairiondo.com\/contacto\/\">\n\t\t\t\t\t\tCont\u00e1ctame\t\t\t\t\t<\/a>\n\t\t\t\t\t<\/div>\n\t\t\t\t\t\t\t<\/div>\n\t\t\t\t\t\t<\/div>\n\t\t\t\t\t\t<\/div>\n\t\t\t\t<\/div>\n\t\t\t\t<div class=\"elementor-element elementor-element-188db73 elementor-cta--skin-cover elementor-animated-content elementor-bg-transform elementor-bg-transform-zoom-in elementor-widget elementor-widget-call-to-action\" data-id=\"188db73\" data-element_type=\"widget\" data-e-type=\"widget\" data-widget_type=\"call-to-action.default\">\n\t\t\t\t<div class=\"elementor-widget-container\">\n\t\t\t\t\t\t\t<div class=\"elementor-cta\">\n\t\t\t\t\t<div class=\"elementor-cta__bg-wrapper\">\n\t\t\t\t<div class=\"elementor-cta__bg elementor-bg\" style=\"background-image: url();\" role=\"img\" aria-label=\"\"><\/div>\n\t\t\t\t<div class=\"elementor-cta__bg-overlay\"><\/div>\n\t\t\t<\/div>\n\t\t\t\t\t\t\t<div class=\"elementor-cta__content\">\n\t\t\t\t\n\t\t\t\t\t\t\t\t\t<h2 class=\"elementor-cta__title elementor-cta__content-item elementor-content-item elementor-animated-item--grow\">\n\t\t\t\t\t\tDescubre c\u00f3mo puedo ayudarte.\t\t\t\t\t<\/h2>\n\t\t\t\t\n\t\t\t\t\n\t\t\t\t\t\t\t\t\t<div class=\"elementor-cta__button-wrapper elementor-cta__content-item elementor-content-item elementor-animated-item--grow\">\n\t\t\t\t\t<a class=\"elementor-cta__button elementor-button elementor-size-\" href=\"https:\/\/mentoracristinairiondo.com\/productos\/\">\n\t\t\t\t\t\tServicios\t\t\t\t\t<\/a>\n\t\t\t\t\t<\/div>\n\t\t\t\t\t\t\t<\/div>\n\t\t\t\t\t\t<\/div>\n\t\t\t\t\t\t<\/div>\n\t\t\t\t<\/div>\n\t\t\t\t\t<\/div>\n\t\t\t\t<\/div>\n\t\t<div class=\"elementor-element elementor-element-d7ea8fd e-flex e-con-boxed e-con e-parent\" data-id=\"d7ea8fd\" data-element_type=\"container\" data-e-type=\"container\">\n\t\t\t\t\t<div class=\"e-con-inner\">\n\t\t\t\t<div class=\"elementor-element elementor-element-b5f5fff elementor-widget elementor-widget-heading\" data-id=\"b5f5fff\" data-element_type=\"widget\" data-e-type=\"widget\" data-widget_type=\"heading.default\">\n\t\t\t\t<div class=\"elementor-widget-container\">\n\t\t\t\t\t<h2 class=\"elementor-heading-title elementor-size-default\">Lo que dicen mis clientes<\/h2>\t\t\t\t<\/div>\n\t\t\t\t<\/div>\n\t\t\t\t\t<\/div>\n\t\t\t\t<\/div>\n\t\t<div class=\"elementor-element elementor-element-166aca7 e-flex e-con-boxed e-con e-parent\" data-id=\"166aca7\" data-element_type=\"container\" data-e-type=\"container\">\n\t\t\t\t\t<div class=\"e-con-inner\">\n\t\t\t\t<div class=\"elementor-element elementor-element-c98759c elementor-testimonial--skin-bubble elementor-testimonial--layout-image_inline elementor-testimonial--align-center elementor-arrows-yes elementor-pagination-type-bullets elementor-widget elementor-widget-testimonial-carousel\" data-id=\"c98759c\" data-element_type=\"widget\" data-e-type=\"widget\" data-settings=\"{&quot;slides_per_view&quot;:&quot;3&quot;,&quot;slides_per_view_tablet&quot;:&quot;2&quot;,&quot;slides_per_view_mobile&quot;:&quot;1&quot;,&quot;show_arrows&quot;:&quot;yes&quot;,&quot;pagination&quot;:&quot;bullets&quot;,&quot;speed&quot;:500,&quot;autoplay&quot;:&quot;yes&quot;,&quot;autoplay_speed&quot;:5000,&quot;loop&quot;:&quot;yes&quot;,&quot;pause_on_hover&quot;:&quot;yes&quot;,&quot;pause_on_interaction&quot;:&quot;yes&quot;,&quot;space_between&quot;:{&quot;unit&quot;:&quot;px&quot;,&quot;size&quot;:10,&quot;sizes&quot;:[]},&quot;space_between_tablet&quot;:{&quot;unit&quot;:&quot;px&quot;,&quot;size&quot;:10,&quot;sizes&quot;:[]},&quot;space_between_mobile&quot;:{&quot;unit&quot;:&quot;px&quot;,&quot;size&quot;:10,&quot;sizes&quot;:[]}}\" data-widget_type=\"testimonial-carousel.default\">\n\t\t\t\t<div class=\"elementor-widget-container\">\n\t\t\t\t\t\t\t\t\t<div class=\"elementor-swiper\">\n\t\t\t\t\t<div class=\"elementor-main-swiper swiper\" role=\"region\" aria-roledescription=\"carousel\" aria-label=\"Diapositivas\">\n\t\t\t\t<div class=\"swiper-wrapper\">\n\t\t\t\t\t\t\t\t\t\t\t<div class=\"swiper-slide\" role=\"group\" aria-roledescription=\"slide\">\n\t\t\t\t\t\t\t\t\t<div class=\"elementor-testimonial\">\n\t\t\t\t\t\t\t<div class=\"elementor-testimonial__content\">\n\t\t\t\t\t<div class=\"elementor-testimonial__text\">\n\t\t\t\t\t\t\"Excelente experiencia. Desde el primer contacto hasta la entrega final, todo fue impecable. La atenci\u00f3n personalizada y profesional super\u00f3 mis expectativas.\"\t\t\t\t\t<\/div>\n\t\t\t\t\t\t\t\t\t<\/div>\n\t\t\t\t\t\t<div class=\"elementor-testimonial__footer\">\n\t\t\t\t\t\t\t\t\t<div class=\"elementor-testimonial__image\">\n\t\t\t\t\t\t<img decoding=\"async\" src=\"https:\/\/mentoracristinairiondo.com\/wp-content\/uploads\/2024\/12\/4823.jpg\" alt=\"Carlos T.\">\n\t\t\t\t\t\t\t\t\t\t\t<\/div>\n\t\t\t\t\t\t\t\t<cite class=\"elementor-testimonial__cite\"><span class=\"elementor-testimonial__name\">Carlos T.<\/span><span class=\"elementor-testimonial__title\">CEO<\/span><\/cite>\t\t\t<\/div>\n\t\t<\/div>\n\t\t\t\t\t\t\t\t<\/div>\n\t\t\t\t\t\t\t\t\t\t\t<div class=\"swiper-slide\" role=\"group\" aria-roledescription=\"slide\">\n\t\t\t\t\t\t\t\t\t<div class=\"elementor-testimonial\">\n\t\t\t\t\t\t\t<div class=\"elementor-testimonial__content\">\n\t\t\t\t\t<div class=\"elementor-testimonial__text\">\n\t\t\t\t\t\t\"Un servicio de alt\u00edsima calidad. No solo cumplieron con lo prometido, sino que tambi\u00e9n aportaron ideas y soluciones que marcaron la diferencia en mi proyecto.\"\t\t\t\t\t<\/div>\n\t\t\t\t\t\t\t\t\t<\/div>\n\t\t\t\t\t\t<div class=\"elementor-testimonial__footer\">\n\t\t\t\t\t\t\t\t\t<div class=\"elementor-testimonial__image\">\n\t\t\t\t\t\t<img decoding=\"async\" src=\"https:\/\/mentoracristinairiondo.com\/wp-content\/uploads\/2024\/12\/19349.jpg\" alt=\"Javier L.\">\n\t\t\t\t\t\t\t\t\t\t\t<\/div>\n\t\t\t\t\t\t\t\t<cite class=\"elementor-testimonial__cite\"><span class=\"elementor-testimonial__name\">Javier L.<\/span><span class=\"elementor-testimonial__title\">Director<\/span><\/cite>\t\t\t<\/div>\n\t\t<\/div>\n\t\t\t\t\t\t\t\t<\/div>\n\t\t\t\t\t\t\t\t\t\t\t<div class=\"swiper-slide\" role=\"group\" aria-roledescription=\"slide\">\n\t\t\t\t\t\t\t\t\t<div class=\"elementor-testimonial\">\n\t\t\t\t\t\t\t<div class=\"elementor-testimonial__content\">\n\t\t\t\t\t<div class=\"elementor-testimonial__text\">\n\t\t\t\t\t\t\"Recomiendo completamente. Su compromiso con los detalles y su pasi\u00f3n por lo que hacen es evidente en cada paso del proceso. \u00a1Gracias por todo!\"\t\t\t\t\t<\/div>\n\t\t\t\t\t\t\t\t\t<\/div>\n\t\t\t\t\t\t<div class=\"elementor-testimonial__footer\">\n\t\t\t\t\t\t\t\t\t<div class=\"elementor-testimonial__image\">\n\t\t\t\t\t\t<img decoding=\"async\" src=\"https:\/\/mentoracristinairiondo.com\/wp-content\/uploads\/2024\/12\/299.jpg\" alt=\"Juan L.\">\n\t\t\t\t\t\t\t\t\t\t\t<\/div>\n\t\t\t\t\t\t\t\t<cite class=\"elementor-testimonial__cite\"><span class=\"elementor-testimonial__name\">Juan L.<\/span><span class=\"elementor-testimonial__title\">CEO<\/span><\/cite>\t\t\t<\/div>\n\t\t<\/div>\n\t\t\t\t\t\t\t\t<\/div>\n\t\t\t\t\t\t\t\t\t\t\t<div class=\"swiper-slide\" role=\"group\" aria-roledescription=\"slide\">\n\t\t\t\t\t\t\t\t\t<div class=\"elementor-testimonial\">\n\t\t\t\t\t\t\t<div class=\"elementor-testimonial__content\">\n\t\t\t\t\t<div class=\"elementor-testimonial__text\">\n\t\t\t\t\t\t\"Trabajar con este equipo ha sido un placer. Su conocimiento y enfoque profesional hicieron que todo fuera mucho m\u00e1s f\u00e1cil y efectivo.\"\t\t\t\t\t<\/div>\n\t\t\t\t\t\t\t\t\t<\/div>\n\t\t\t\t\t\t<div class=\"elementor-testimonial__footer\">\n\t\t\t\t\t\t\t\t\t<div class=\"elementor-testimonial__image\">\n\t\t\t\t\t\t<img decoding=\"async\" src=\"https:\/\/mentoracristinairiondo.com\/wp-content\/uploads\/2024\/12\/10328.jpg\" alt=\"Lorena M.\">\n\t\t\t\t\t\t\t\t\t\t\t<\/div>\n\t\t\t\t\t\t\t\t<cite class=\"elementor-testimonial__cite\"><span class=\"elementor-testimonial__name\">Lorena M.<\/span><span class=\"elementor-testimonial__title\">Gerente<\/span><\/cite>\t\t\t<\/div>\n\t\t<\/div>\n\t\t\t\t\t\t\t\t<\/div>\n\t\t\t\t\t\t\t\t\t<\/div>\n\t\t\t\t\t\t\t\t\t\t\t\t\t\t\t<div class=\"elementor-swiper-button elementor-swiper-button-prev\" role=\"button\" tabindex=\"0\" aria-label=\"Anterior\">\n\t\t\t\t\t\t\t<svg aria-hidden=\"true\" class=\"e-font-icon-svg e-eicon-chevron-left\" viewBox=\"0 0 1000 1000\" xmlns=\"http:\/\/www.w3.org\/2000\/svg\"><path d=\"M646 125C629 125 613 133 604 142L308 442C296 454 292 471 292 487 292 504 296 521 308 533L604 854C617 867 629 875 646 875 663 875 679 871 692 858 704 846 713 829 713 812 713 796 708 779 692 767L438 487 692 225C700 217 708 204 708 187 708 171 704 154 692 142 675 129 663 125 646 125Z\"><\/path><\/svg>\t\t\t\t\t\t<\/div>\n\t\t\t\t\t\t<div class=\"elementor-swiper-button elementor-swiper-button-next\" role=\"button\" tabindex=\"0\" aria-label=\"Siguiente\">\n\t\t\t\t\t\t\t<svg aria-hidden=\"true\" class=\"e-font-icon-svg e-eicon-chevron-right\" viewBox=\"0 0 1000 1000\" xmlns=\"http:\/\/www.w3.org\/2000\/svg\"><path d=\"M696 533C708 521 713 504 713 487 713 471 708 454 696 446L400 146C388 133 375 125 354 125 338 125 325 129 313 142 300 154 292 171 292 187 292 204 296 221 308 233L563 492 304 771C292 783 288 800 288 817 288 833 296 850 308 863 321 871 338 875 354 875 371 875 388 867 400 854L696 533Z\"><\/path><\/svg>\t\t\t\t\t\t<\/div>\n\t\t\t\t\t\t\t\t\t\t\t\t\t\t\t\t<div class=\"swiper-pagination\"><\/div>\n\t\t\t\t\t\t\t\t\t\t\t\t<\/div>\n\t\t\t\t<\/div>\n\t\t\t\t\t\t\t\t<\/div>\n\t\t\t\t<\/div>\n\t\t\t\t\t<\/div>\n\t\t\t\t<\/div>\n\t\t\t\t<\/div>\n\t\t","protected":false},"excerpt":{"rendered":"<p>Impulsa el \u00e9xito de tu pyme con acompa\u00f1amiento estrat\u00e9gico y pr\u00e1ctico. 30 a\u00f1os de experiencia empresarial y 8 a\u00f1os guiando a pymes hacia el crecimiento sostenible. \u00bfQui\u00e9n soy? Soy Cristina, y pongo a disposici\u00f3n del mundo organizacional m\u00e1s de 30 a\u00f1os de experiencia y crecimiento personal y profesional en entornos empresariales y humanos. Mi trayectoria [&hellip;]<\/p>\n","protected":false},"author":2,"featured_media":0,"parent":0,"menu_order":0,"comment_status":"closed","ping_status":"closed","template":"elementor_canvas","meta":{"footnotes":""},"class_list":["post-2","page","type-page","status-publish","hentry"],"yoast_head":"<!-- This site is optimized with the Yoast SEO plugin v27.3 - https:\/\/yoast.com\/product\/yoast-seo-wordpress\/ -->\n<title>Inicio - Cristina Irondo<\/title>\n<meta name=\"robots\" content=\"index, follow, max-snippet:-1, max-image-preview:large, max-video-preview:-1\" \/>\n<link rel=\"canonical\" href=\"https:\/\/mentoracristinairiondo.com\/eus\/\" \/>\n<meta property=\"og:locale\" content=\"en_US\" \/>\n<meta property=\"og:type\" content=\"article\" \/>\n<meta property=\"og:title\" content=\"Inicio - Cristina Irondo\" \/>\n<meta property=\"og:description\" content=\"Impulsa el \u00e9xito de tu pyme con acompa\u00f1amiento estrat\u00e9gico y pr\u00e1ctico. 30 a\u00f1os de experiencia empresarial y 8 a\u00f1os guiando a pymes hacia el crecimiento sostenible. \u00bfQui\u00e9n soy? Soy Cristina, y pongo a disposici\u00f3n del mundo organizacional m\u00e1s de 30 a\u00f1os de experiencia y crecimiento personal y profesional en entornos empresariales y humanos. Mi trayectoria [&hellip;]\" \/>\n<meta property=\"og:url\" content=\"https:\/\/mentoracristinairiondo.com\/eus\/\" \/>\n<meta property=\"og:site_name\" content=\"Cristina Irondo\" \/>\n<meta property=\"article:modified_time\" content=\"2024-12-05T09:29:52+00:00\" \/>\n<meta property=\"og:image\" content=\"https:\/\/mentoracristinairiondo.com\/wp-content\/uploads\/2024\/12\/1.jpg\" \/>\n<meta name=\"twitter:card\" content=\"summary_large_image\" \/>\n<meta name=\"twitter:label1\" content=\"Est. reading time\" \/>\n\t<meta name=\"twitter:data1\" content=\"6 minutua\" \/>\n<script type=\"application\/ld+json\" class=\"yoast-schema-graph\">{\"@context\":\"https:\\\/\\\/schema.org\",\"@graph\":[{\"@type\":\"WebPage\",\"@id\":\"https:\\\/\\\/mentoracristinairiondo.com\\\/\",\"url\":\"https:\\\/\\\/mentoracristinairiondo.com\\\/\",\"name\":\"Inicio - Cristina Irondo\",\"isPartOf\":{\"@id\":\"https:\\\/\\\/mentoracristinairiondo.com\\\/#website\"},\"primaryImageOfPage\":{\"@id\":\"https:\\\/\\\/mentoracristinairiondo.com\\\/#primaryimage\"},\"image\":{\"@id\":\"https:\\\/\\\/mentoracristinairiondo.com\\\/#primaryimage\"},\"thumbnailUrl\":\"https:\\\/\\\/mentoracristinairiondo.com\\\/wp-content\\\/uploads\\\/2024\\\/12\\\/1.jpg\",\"datePublished\":\"2024-09-13T07:47:38+00:00\",\"dateModified\":\"2024-12-05T09:29:52+00:00\",\"breadcrumb\":{\"@id\":\"https:\\\/\\\/mentoracristinairiondo.com\\\/#breadcrumb\"},\"inLanguage\":\"eu\",\"potentialAction\":[{\"@type\":\"ReadAction\",\"target\":[\"https:\\\/\\\/mentoracristinairiondo.com\\\/\"]}]},{\"@type\":\"ImageObject\",\"inLanguage\":\"eu\",\"@id\":\"https:\\\/\\\/mentoracristinairiondo.com\\\/#primaryimage\",\"url\":\"https:\\\/\\\/mentoracristinairiondo.com\\\/wp-content\\\/uploads\\\/2024\\\/12\\\/1.jpg\",\"contentUrl\":\"https:\\\/\\\/mentoracristinairiondo.com\\\/wp-content\\\/uploads\\\/2024\\\/12\\\/1.jpg\"},{\"@type\":\"BreadcrumbList\",\"@id\":\"https:\\\/\\\/mentoracristinairiondo.com\\\/#breadcrumb\",\"itemListElement\":[{\"@type\":\"ListItem\",\"position\":1,\"name\":\"Portada\",\"item\":\"https:\\\/\\\/mentoracristinairiondo.com\\\/\"},{\"@type\":\"ListItem\",\"position\":2,\"name\":\"Inicio\"}]},{\"@type\":\"WebSite\",\"@id\":\"https:\\\/\\\/mentoracristinairiondo.com\\\/#website\",\"url\":\"https:\\\/\\\/mentoracristinairiondo.com\\\/\",\"name\":\"Cristina Irondo\",\"description\":\"MENTORIA EMPRESARIAL\",\"publisher\":{\"@id\":\"https:\\\/\\\/mentoracristinairiondo.com\\\/#organization\"},\"potentialAction\":[{\"@type\":\"SearchAction\",\"target\":{\"@type\":\"EntryPoint\",\"urlTemplate\":\"https:\\\/\\\/mentoracristinairiondo.com\\\/?s={search_term_string}\"},\"query-input\":{\"@type\":\"PropertyValueSpecification\",\"valueRequired\":true,\"valueName\":\"search_term_string\"}}],\"inLanguage\":\"eu\"},{\"@type\":\"Organization\",\"@id\":\"https:\\\/\\\/mentoracristinairiondo.com\\\/#organization\",\"name\":\"Cristina Irondo\",\"url\":\"https:\\\/\\\/mentoracristinairiondo.com\\\/\",\"logo\":{\"@type\":\"ImageObject\",\"inLanguage\":\"eu\",\"@id\":\"https:\\\/\\\/mentoracristinairiondo.com\\\/#\\\/schema\\\/logo\\\/image\\\/\",\"url\":\"https:\\\/\\\/mentoracristinairiondo.com\\\/wp-content\\\/uploads\\\/2024\\\/12\\\/cropped-Mentora-Empresarial-1.jpg\",\"contentUrl\":\"https:\\\/\\\/mentoracristinairiondo.com\\\/wp-content\\\/uploads\\\/2024\\\/12\\\/cropped-Mentora-Empresarial-1.jpg\",\"width\":1280,\"height\":567,\"caption\":\"Cristina Irondo\"},\"image\":{\"@id\":\"https:\\\/\\\/mentoracristinairiondo.com\\\/#\\\/schema\\\/logo\\\/image\\\/\"}}]}<\/script>\n<!-- \/ Yoast SEO plugin. -->","yoast_head_json":{"title":"Inicio - Cristina Irondo","robots":{"index":"index","follow":"follow","max-snippet":"max-snippet:-1","max-image-preview":"max-image-preview:large","max-video-preview":"max-video-preview:-1"},"canonical":"https:\/\/mentoracristinairiondo.com\/eus\/","og_locale":"en_US","og_type":"article","og_title":"Inicio - Cristina Irondo","og_description":"Impulsa el \u00e9xito de tu pyme con acompa\u00f1amiento estrat\u00e9gico y pr\u00e1ctico. 30 a\u00f1os de experiencia empresarial y 8 a\u00f1os guiando a pymes hacia el crecimiento sostenible. \u00bfQui\u00e9n soy? Soy Cristina, y pongo a disposici\u00f3n del mundo organizacional m\u00e1s de 30 a\u00f1os de experiencia y crecimiento personal y profesional en entornos empresariales y humanos. Mi trayectoria [&hellip;]","og_url":"https:\/\/mentoracristinairiondo.com\/eus\/","og_site_name":"Cristina Irondo","article_modified_time":"2024-12-05T09:29:52+00:00","og_image":[{"url":"https:\/\/mentoracristinairiondo.com\/wp-content\/uploads\/2024\/12\/1.jpg","type":"","width":"","height":""}],"twitter_card":"summary_large_image","twitter_misc":{"Est. reading time":"6 minutua"},"schema":{"@context":"https:\/\/schema.org","@graph":[{"@type":"WebPage","@id":"https:\/\/mentoracristinairiondo.com\/","url":"https:\/\/mentoracristinairiondo.com\/","name":"Inicio - Cristina Irondo","isPartOf":{"@id":"https:\/\/mentoracristinairiondo.com\/#website"},"primaryImageOfPage":{"@id":"https:\/\/mentoracristinairiondo.com\/#primaryimage"},"image":{"@id":"https:\/\/mentoracristinairiondo.com\/#primaryimage"},"thumbnailUrl":"https:\/\/mentoracristinairiondo.com\/wp-content\/uploads\/2024\/12\/1.jpg","datePublished":"2024-09-13T07:47:38+00:00","dateModified":"2024-12-05T09:29:52+00:00","breadcrumb":{"@id":"https:\/\/mentoracristinairiondo.com\/#breadcrumb"},"inLanguage":"eu","potentialAction":[{"@type":"ReadAction","target":["https:\/\/mentoracristinairiondo.com\/"]}]},{"@type":"ImageObject","inLanguage":"eu","@id":"https:\/\/mentoracristinairiondo.com\/#primaryimage","url":"https:\/\/mentoracristinairiondo.com\/wp-content\/uploads\/2024\/12\/1.jpg","contentUrl":"https:\/\/mentoracristinairiondo.com\/wp-content\/uploads\/2024\/12\/1.jpg"},{"@type":"BreadcrumbList","@id":"https:\/\/mentoracristinairiondo.com\/#breadcrumb","itemListElement":[{"@type":"ListItem","position":1,"name":"Portada","item":"https:\/\/mentoracristinairiondo.com\/"},{"@type":"ListItem","position":2,"name":"Inicio"}]},{"@type":"WebSite","@id":"https:\/\/mentoracristinairiondo.com\/#website","url":"https:\/\/mentoracristinairiondo.com\/","name":"Cristina Irondo","description":"MENTORIA EMPRESARIAL","publisher":{"@id":"https:\/\/mentoracristinairiondo.com\/#organization"},"potentialAction":[{"@type":"SearchAction","target":{"@type":"EntryPoint","urlTemplate":"https:\/\/mentoracristinairiondo.com\/?s={search_term_string}"},"query-input":{"@type":"PropertyValueSpecification","valueRequired":true,"valueName":"search_term_string"}}],"inLanguage":"eu"},{"@type":"Organization","@id":"https:\/\/mentoracristinairiondo.com\/#organization","name":"Cristina Irondo","url":"https:\/\/mentoracristinairiondo.com\/","logo":{"@type":"ImageObject","inLanguage":"eu","@id":"https:\/\/mentoracristinairiondo.com\/#\/schema\/logo\/image\/","url":"https:\/\/mentoracristinairiondo.com\/wp-content\/uploads\/2024\/12\/cropped-Mentora-Empresarial-1.jpg","contentUrl":"https:\/\/mentoracristinairiondo.com\/wp-content\/uploads\/2024\/12\/cropped-Mentora-Empresarial-1.jpg","width":1280,"height":567,"caption":"Cristina Irondo"},"image":{"@id":"https:\/\/mentoracristinairiondo.com\/#\/schema\/logo\/image\/"}}]}},"_links":{"self":[{"href":"https:\/\/mentoracristinairiondo.com\/eus\/wp-json\/wp\/v2\/pages\/2","targetHints":{"allow":["GET"]}}],"collection":[{"href":"https:\/\/mentoracristinairiondo.com\/eus\/wp-json\/wp\/v2\/pages"}],"about":[{"href":"https:\/\/mentoracristinairiondo.com\/eus\/wp-json\/wp\/v2\/types\/page"}],"author":[{"embeddable":true,"href":"https:\/\/mentoracristinairiondo.com\/eus\/wp-json\/wp\/v2\/users\/2"}],"replies":[{"embeddable":true,"href":"https:\/\/mentoracristinairiondo.com\/eus\/wp-json\/wp\/v2\/comments?post=2"}],"version-history":[{"count":666,"href":"https:\/\/mentoracristinairiondo.com\/eus\/wp-json\/wp\/v2\/pages\/2\/revisions"}],"predecessor-version":[{"id":3023,"href":"https:\/\/mentoracristinairiondo.com\/eus\/wp-json\/wp\/v2\/pages\/2\/revisions\/3023"}],"wp:attachment":[{"href":"https:\/\/mentoracristinairiondo.com\/eus\/wp-json\/wp\/v2\/media?parent=2"}],"curies":[{"name":"wp","href":"https:\/\/api.w.org\/{rel}","templated":true}]}}